{"id":13,"date":"2018-04-16T08:50:09","date_gmt":"2018-04-16T11:50:09","guid":{"rendered":"http:\/\/localhost\/base\/sitenovo\/?page_id=13"},"modified":"2019-05-28T13:34:26","modified_gmt":"2019-05-28T16:34:26","slug":"empresa","status":"publish","type":"page","link":"https:\/\/www.pmdistribuidora.com.br\/site\/empresa\/","title":{"rendered":"Empresa"},"content":{"rendered":"<p>A <strong>PM Distribuidora<\/strong> \u00e9 uma empresa criada em 2013 com a responsabilidade de atender o mercado consumidor de produtos eletroeletr\u00f4nicos, conectores, bornes e terminais el\u00e9tricos, caixas e gabinetes industriais, conex\u00f5es tubulares, guias lineares, atuadores el\u00e9tricos, unidades de comando, comandos manuais, rod\u00edzios e acess\u00f3rios para camas e equipamentos hospitalares. Com larga experi\u00eancia deste mercado e prestando assessoria t\u00e9cnica e comercial para os clientes, com o objetivo de sermos refer\u00eancia na presta\u00e7\u00e3o deste servi\u00e7o com as marcas que representamos.<\/p>\n<p>Nosso principal compromisso \u00e9 com a qualidade dos produtos que representamos e tamb\u00e9m com um atendimento focado em agilidade, efici\u00eancia e respeito aos nossos clientes.<\/p>\n<p>Para saber mais e conhecer nossa linha de produtos, <a href=\"https:\/\/www.pmdistribuidora.com.br\/site\/produtos\/\">clique aqui<\/a>.<\/p>\n","protected":false},"excerpt":{"rendered":"<p>A PM Distribuidora \u00e9 uma empresa criada em 2013 com a responsabilidade de atender o mercado consumidor de produtos eletroeletr\u00f4nicos, conectores, bornes e terminais el\u00e9tricos, caixas e gabinetes industriais, conex\u00f5es tubulares, guias lineares, atuadores el\u00e9tricos, unidades de comando, comandos manuais, &hellip; <a href=\"https:\/\/www.pmdistribuidora.com.br\/site\/empresa\/\">Continua<\/a><\/p>\n","protected":false},"author":2,"featured_media":0,"parent":0,"menu_order":0,"comment_status":"closed","ping_status":"closed","template":"page-empresa.php","meta":{"footnotes":""},"class_list":["post-13","page","type-page","status-publish","hentry"],"acf":[],"yoast_head":"<!-- This site is optimized with the Yoast SEO plugin v25.4 - https:\/\/yoast.com\/wordpress\/plugins\/seo\/ -->\n<title>Empresa - PM Distribuidora<\/title>\n<meta name=\"robots\" content=\"index, follow, max-snippet:-1, max-image-preview:large, max-video-preview:-1\" \/>\n<link rel=\"canonical\" href=\"https:\/\/www.pmdistribuidora.com.br\/site\/empresa\/\" \/>\n<meta property=\"og:locale\" content=\"pt_BR\" \/>\n<meta property=\"og:type\" content=\"article\" \/>\n<meta property=\"og:title\" content=\"Empresa - PM Distribuidora\" \/>\n<meta property=\"og:description\" content=\"A PM Distribuidora \u00e9 uma empresa criada em 2013 com a responsabilidade de atender o mercado consumidor de produtos eletroeletr\u00f4nicos, conectores, bornes e terminais el\u00e9tricos, caixas e gabinetes industriais, conex\u00f5es tubulares, guias lineares, atuadores el\u00e9tricos, unidades de comando, comandos manuais, &hellip; Continua\" \/>\n<meta property=\"og:url\" content=\"https:\/\/www.pmdistribuidora.com.br\/site\/empresa\/\" \/>\n<meta property=\"og:site_name\" content=\"PM Distribuidora\" \/>\n<meta property=\"article:publisher\" content=\"https:\/\/www.facebook.com\/pages\/PM-Distribuidora\/1256807281123237\" \/>\n<meta property=\"article:modified_time\" content=\"2019-05-28T16:34:26+00:00\" \/>\n<meta name=\"twitter:card\" content=\"summary_large_image\" \/>\n<meta name=\"twitter:label1\" content=\"Est. tempo de leitura\" \/>\n\t<meta name=\"twitter:data1\" content=\"1 minuto\" \/>\n<script type=\"application\/ld+json\" class=\"yoast-schema-graph\">{\"@context\":\"https:\/\/schema.org\",\"@graph\":[{\"@type\":\"WebPage\",\"@id\":\"https:\/\/www.pmdistribuidora.com.br\/site\/empresa\/\",\"url\":\"https:\/\/www.pmdistribuidora.com.br\/site\/empresa\/\",\"name\":\"Empresa - PM Distribuidora\",\"isPartOf\":{\"@id\":\"https:\/\/www.pmdistribuidora.com.br\/site\/#website\"},\"datePublished\":\"2018-04-16T11:50:09+00:00\",\"dateModified\":\"2019-05-28T16:34:26+00:00\",\"breadcrumb\":{\"@id\":\"https:\/\/www.pmdistribuidora.com.br\/site\/empresa\/#breadcrumb\"},\"inLanguage\":\"pt-BR\",\"potentialAction\":[{\"@type\":\"ReadAction\",\"target\":[\"https:\/\/www.pmdistribuidora.com.br\/site\/empresa\/\"]}]},{\"@type\":\"BreadcrumbList\",\"@id\":\"https:\/\/www.pmdistribuidora.com.br\/site\/empresa\/#breadcrumb\",\"itemListElement\":[{\"@type\":\"ListItem\",\"position\":1,\"name\":\"In\u00edcio\",\"item\":\"https:\/\/www.pmdistribuidora.com.br\/site\/\"},{\"@type\":\"ListItem\",\"position\":2,\"name\":\"Empresa\"}]},{\"@type\":\"WebSite\",\"@id\":\"https:\/\/www.pmdistribuidora.com.br\/site\/#website\",\"url\":\"https:\/\/www.pmdistribuidora.com.br\/site\/\",\"name\":\"PM Distribuidora\",\"description\":\"\",\"publisher\":{\"@id\":\"https:\/\/www.pmdistribuidora.com.br\/site\/#organization\"},\"potentialAction\":[{\"@type\":\"SearchAction\",\"target\":{\"@type\":\"EntryPoint\",\"urlTemplate\":\"https:\/\/www.pmdistribuidora.com.br\/site\/?s={search_term_string}\"},\"query-input\":{\"@type\":\"PropertyValueSpecification\",\"valueRequired\":true,\"valueName\":\"search_term_string\"}}],\"inLanguage\":\"pt-BR\"},{\"@type\":\"Organization\",\"@id\":\"https:\/\/www.pmdistribuidora.com.br\/site\/#organization\",\"name\":\"PM Distribuidora\",\"url\":\"https:\/\/www.pmdistribuidora.com.br\/site\/\",\"logo\":{\"@type\":\"ImageObject\",\"inLanguage\":\"pt-BR\",\"@id\":\"https:\/\/www.pmdistribuidora.com.br\/site\/#\/schema\/logo\/image\/\",\"url\":\"http:\/\/www.pmdistribuidora.com.br\/site\/wp-content\/uploads\/2019\/03\/logotipo-seo.jpg\",\"contentUrl\":\"http:\/\/www.pmdistribuidora.com.br\/site\/wp-content\/uploads\/2019\/03\/logotipo-seo.jpg\",\"width\":275,\"height\":275,\"caption\":\"PM Distribuidora\"},\"image\":{\"@id\":\"https:\/\/www.pmdistribuidora.com.br\/site\/#\/schema\/logo\/image\/\"},\"sameAs\":[\"https:\/\/www.facebook.com\/pages\/PM-Distribuidora\/1256807281123237\"]}]}<\/script>\n<!-- \/ Yoast SEO plugin. -->","yoast_head_json":{"title":"Empresa - PM Distribuidora","robots":{"index":"index","follow":"follow","max-snippet":"max-snippet:-1","max-image-preview":"max-image-preview:large","max-video-preview":"max-video-preview:-1"},"canonical":"https:\/\/www.pmdistribuidora.com.br\/site\/empresa\/","og_locale":"pt_BR","og_type":"article","og_title":"Empresa - PM Distribuidora","og_description":"A PM Distribuidora \u00e9 uma empresa criada em 2013 com a responsabilidade de atender o mercado consumidor de produtos eletroeletr\u00f4nicos, conectores, bornes e terminais el\u00e9tricos, caixas e gabinetes industriais, conex\u00f5es tubulares, guias lineares, atuadores el\u00e9tricos, unidades de comando, comandos manuais, &hellip; Continua","og_url":"https:\/\/www.pmdistribuidora.com.br\/site\/empresa\/","og_site_name":"PM Distribuidora","article_publisher":"https:\/\/www.facebook.com\/pages\/PM-Distribuidora\/1256807281123237","article_modified_time":"2019-05-28T16:34:26+00:00","twitter_card":"summary_large_image","twitter_misc":{"Est. tempo de leitura":"1 minuto"},"schema":{"@context":"https:\/\/schema.org","@graph":[{"@type":"WebPage","@id":"https:\/\/www.pmdistribuidora.com.br\/site\/empresa\/","url":"https:\/\/www.pmdistribuidora.com.br\/site\/empresa\/","name":"Empresa - PM Distribuidora","isPartOf":{"@id":"https:\/\/www.pmdistribuidora.com.br\/site\/#website"},"datePublished":"2018-04-16T11:50:09+00:00","dateModified":"2019-05-28T16:34:26+00:00","breadcrumb":{"@id":"https:\/\/www.pmdistribuidora.com.br\/site\/empresa\/#breadcrumb"},"inLanguage":"pt-BR","potentialAction":[{"@type":"ReadAction","target":["https:\/\/www.pmdistribuidora.com.br\/site\/empresa\/"]}]},{"@type":"BreadcrumbList","@id":"https:\/\/www.pmdistribuidora.com.br\/site\/empresa\/#breadcrumb","itemListElement":[{"@type":"ListItem","position":1,"name":"In\u00edcio","item":"https:\/\/www.pmdistribuidora.com.br\/site\/"},{"@type":"ListItem","position":2,"name":"Empresa"}]},{"@type":"WebSite","@id":"https:\/\/www.pmdistribuidora.com.br\/site\/#website","url":"https:\/\/www.pmdistribuidora.com.br\/site\/","name":"PM Distribuidora","description":"","publisher":{"@id":"https:\/\/www.pmdistribuidora.com.br\/site\/#organization"},"potentialAction":[{"@type":"SearchAction","target":{"@type":"EntryPoint","urlTemplate":"https:\/\/www.pmdistribuidora.com.br\/site\/?s={search_term_string}"},"query-input":{"@type":"PropertyValueSpecification","valueRequired":true,"valueName":"search_term_string"}}],"inLanguage":"pt-BR"},{"@type":"Organization","@id":"https:\/\/www.pmdistribuidora.com.br\/site\/#organization","name":"PM Distribuidora","url":"https:\/\/www.pmdistribuidora.com.br\/site\/","logo":{"@type":"ImageObject","inLanguage":"pt-BR","@id":"https:\/\/www.pmdistribuidora.com.br\/site\/#\/schema\/logo\/image\/","url":"http:\/\/www.pmdistribuidora.com.br\/site\/wp-content\/uploads\/2019\/03\/logotipo-seo.jpg","contentUrl":"http:\/\/www.pmdistribuidora.com.br\/site\/wp-content\/uploads\/2019\/03\/logotipo-seo.jpg","width":275,"height":275,"caption":"PM Distribuidora"},"image":{"@id":"https:\/\/www.pmdistribuidora.com.br\/site\/#\/schema\/logo\/image\/"},"sameAs":["https:\/\/www.facebook.com\/pages\/PM-Distribuidora\/1256807281123237"]}]}},"_links":{"self":[{"href":"https:\/\/www.pmdistribuidora.com.br\/site\/wp-json\/wp\/v2\/pages\/13","targetHints":{"allow":["GET"]}}],"collection":[{"href":"https:\/\/www.pmdistribuidora.com.br\/site\/wp-json\/wp\/v2\/pages"}],"about":[{"href":"https:\/\/www.pmdistribuidora.com.br\/site\/wp-json\/wp\/v2\/types\/page"}],"author":[{"embeddable":true,"href":"https:\/\/www.pmdistribuidora.com.br\/site\/wp-json\/wp\/v2\/users\/2"}],"replies":[{"embeddable":true,"href":"https:\/\/www.pmdistribuidora.com.br\/site\/wp-json\/wp\/v2\/comments?post=13"}],"version-history":[{"count":4,"href":"https:\/\/www.pmdistribuidora.com.br\/site\/wp-json\/wp\/v2\/pages\/13\/revisions"}],"predecessor-version":[{"id":902,"href":"https:\/\/www.pmdistribuidora.com.br\/site\/wp-json\/wp\/v2\/pages\/13\/revisions\/902"}],"wp:attachment":[{"href":"https:\/\/www.pmdistribuidora.com.br\/site\/wp-json\/wp\/v2\/media?parent=13"}],"curies":[{"name":"wp","href":"https:\/\/api.w.org\/{rel}","templated":true}]}}